070?
119
Calculate the remainder when 928 is divided by 6.
4
Calculate the remainder when 113065 is divided by 153.
151
Calculate the remainder when 18688 is divided by 406.
12
Calculate the remainder when 2520 is divided by 23.
13
What is the remainder when 2805 is divided by 15?
0
Calculate the remainder when 522991 is divided by 2235.
1
Calculate the remainder when 18658 is divided by 71.
56
Calculate the remainder when 36385 is divided by 3031.
13
What is the remainder when 295150 is divided by 98382?
4
Calculate the remainder when 22250 is divided by 717.
23
Calculate the remainder when 955186 is divided by 113.
110
What is the remainder when 8955 is divided by 233?
101
Calculate the remainder when 9425 is divided by 589.
1
Calculate the remainder when 11615 is divided by 399.
44
Calculate the remainder when 19485 is divided by 2478.
2139
What is the remainder when 1378908 is divided by 1312?
1308
What is the remainder when 176038 is divided by 27?
25
Calculate the remainder when 3507 is divided by 17.
5
Calculate the remainder when 399314 is divided by 75.
14
Calculate the remainder when 13434 is divided by 278.
90
What is the remainder when 7841 is divided by 1125?
1091
Calculate the remainder when 1489 is divided by 21.
19
What is the remainder when 33474 is divided by 5516?
378
What is the remainder when 8914 is divided by 809?
15
Calculate the remainder when 51389 is divided by 176.
173
What is the remainder when 21312 is divided by 5?
2
Calculate the remainder when 2646 is divided by 878.
12
What is the remainder when 20757 is divided by 126?
93
Calculate the remainder when 2648 is divided by 374.
30
Calculate the remainder when 81231 is divided by 34.
5
What is the remainder when 24969 is divided by 156?
9
What is the remainder when 43550 is divided by 10877?
42
What is the remainder when 1516 is divided by 45?
31
Calculate the remainder when 43632 is divided by 201.
15
Calculate the remainder when 12119926 is divided by 226.
224
Calculate the remainder when 35867 is divided by 1506.
1229
What is the remainder when 30731 is divided by 19?
8
Calculate the remainder when 90426 is divided by 144.
138
Calculate the remainder when 122301 is divided by 691.
685
What is the remainder when 6585 is divided by 191?
91
Calculate the remainder when 408731 is divided by 293.
289
What is the remainder when 23628 is divided by 128?
76
What is the remainder when 140489 is divided by 62?
59
Calculate the remainder when 10861 is divided by 265.
261
Calculate the remainder when 27140 is divided by 116.
112
Calculate the remainder when 9493 is divided by 725.
68
What is the remainder when 8369 is divided by 4173?
23
What is the remainder when 185 is divided by 68?
49
What is the remainder when 2641 is divided by 62?
37
Calculate the remainder when 21920 is divided by 640.
160
What is the remainder when 6473 is divided by 223?
6
Calculate the remainder when 37783 is divided by 164.
63
Calculate the remainder when 681 is divided by 345.
336
Calculate the remainder when 396248 is divided by 317.
315
What is the remainder when 4189 is divided by 610?
529
What is the remainder when 940 is divided by 306?
22
Calculate the remainder when 188497 is divided by 276.
265
Calculate the remainder when 22933 is divided by 250.
183
What is the remainder when 30109 is divided by 10031?
16
What is the remainder when 151734 is divided by 135?
129
What is the remainder when 5228 is divided by 353?
286
Calculate the remainder when 21284 is divided by 966.
32
What is the remainder when 26599 is divided by 158?
55
What is the remainder when 14184 is divided by 63?
9
Calculate the remainder when 278951 is divided by 60.
11
Calculate the remainder when 123551 is divided by 163.
160
What is the remainder when 68990 is divided by 154?
152
Calculate the remainder when 4695 is divided by 771.
69
What is the remainder when 4770842 is divided by 151?
148
What is the remainder when 122478 is divided by 41?
11
What is the remainder when 3110 is divided by 20?
10
Calculate the remainder when 11855 is divided by 349.
338
What is the remainder when 3532 is divided by 363?
265
Calculate the remainder when 11509 is divided by 304.
261
Calculate the remainder when 49136 is divided by 182.
178
Calculate the remainder when 191518 is divided by 280.
278
What is the remainder when 11049 is divided by 16?
9
Calculate the remainder when 14330 is divided by 235.
230
What is the remainder when 1442101 is divided by 39?
37
What is the remainder when 4415 is divided by 114?
83
What is the remainder when 2621 is divided by 84?
17
Calculate the remainder when 24895 is divided by 389.
388
Calculate the remainder when 13573 is divided by 466.
59
Calculate the remainder when 3072 is divided by 14.
6
What is the remainder when 12479 is divided by 120?
119
Calculate the remainder when 7798 is divided by 260.
258
What is the remainder when 6836 is divided by 1079?
362
What is the remainder when 152802 is divided by 518?
510
Calculate the remainder when 302 is divided by 11.
5
What is the remainder when 38487 is divided by 1750?
1737
What is the remainder when 599 is divided by 332?
267
Calculate the remainder when 1946 is divided by 793.
360
What is the remainder when 44450 is divided by 132?
98
Calculate the remainder when 647188 is divided by 14069.
14
What is the remainder when 2712 is divided by 11?
6
What is the remainder when 157 is divided by 15?
7
Calculate the remainder when 93374 is divided by 8484.
50
What is the remainder when 5880 is divided by 36?
12
What is the remainder when 30188 is divided by 910?
158
What is the remainder when 153853 is divided by 128?
125
Calculate the remainder when 122745 is divided by 125.
120
Calculate the remainder when 42449 is divided by 884.
17
What is the remainder when 43000 is divided by 1024?
1016
What is the remainder when 3079 is divided by 609?
34
What is the remainder when 2145 is divided by 708?
21
Calculate the remainder when 848 is divided by 188.
96
Calculate the remainder when 67166 is divided by 143.
99
Calculate the remainder when 7534 is divided by 41.
31
Calculate the remainder when 319245 is divided by 48.
45
What is the remainder when 44404 is divided by 13?
9
Calculate the remainder when 14279 is divided by 136.
135
What is the remainder when 322290 is divided by 26857?
6
Calculate the remainder when 582794 is divided by 9554.
0
Calculate the remainder when 279224 is divided by 11634.
8
Calculate the remainder when 191789 is divided by 11281.
12
Calculate the remainder when 11936 is divided by 5834.
268
Calculate the remainder when 97285 is divided by 212.
189
What is the remainder when 1514246 is divided by 25?
21
What is the remainder when 4116 is divided by 228?
12
What is the remainder when 8605 is divided by 17?
3
Calculate the remainder when 2027 is divided by 106.
13
Calculate the remainder when 9404 is divided by 448.
444
What is the remainder when 69950 is divided by 660?
650
Calculate the remainder when 19456 is divided by 25.
6
What is the remainder when 15507 is divided by 22?
19
What is the remainder when 5501 is divided by 190?
181
What is the remainder when 44723 is divided by 22347?
29
Calculate the remainder when 680727 is divided by 536.
7
What is the remainder when 21119 is divided by 153?
5
Calculate the remainder when 1846 is divided by 203.
19
Calculate the remainder when 27882 is divided by 5574.
12
Calculate the remainder when 6003 is divided by 896.
627
What is the remainder when 919 is divided by 335?
249
What is the remainder when 230235 is divided by 12?
3
Calculate the remainder when 129135 is divided by 9.
3
Calculate the remainder when 705 is divided by 336.
33
Calculate the remainder when 20908 is divided by 27.
10
What is the remainder when 31147 is divided by 1415?
17
Calculate the remainder when 3483 is divided by 62.
11
Calculate the remainder when 21261 is divided by 162.
39
What is the remainder when 12425 is divided by 518?
511
Calculate the remainder when 173997 is divided by 11.
10
Calculate the remainder when 49077 is divided by 10.
7
What is the remainder when 24321 is divided by 3473?
10
What is the remainder when 54597 is divided by 150?
147
Calculate the remainder when 24310 is divided by 338